{"id":1338,"date":"2025-10-07T11:39:59","date_gmt":"2025-10-07T14:39:59","guid":{"rendered":"https:\/\/www.ind.cl\/jde_2025\/?page_id=1338"},"modified":"2025-10-07T11:44:09","modified_gmt":"2025-10-07T14:44:09","slug":"que-son-juvenil","status":"publish","type":"page","link":"https:\/\/www.ind.cl\/jde_2025\/que-son-juvenil\/","title":{"rendered":"\u00bfQu\u00e9 son los JDE?"},"content":{"rendered":"\t\t<div data-elementor-type=\"wp-page\" data-elementor-id=\"1338\" class=\"elementor elementor-1338\" data-elementor-post-type=\"page\">\n\t\t\t\t<div class=\"elementor-element elementor-element-bcacc40 e-con-full e-flex e-con e-parent\" data-id=\"bcacc40\" data-element_type=\"container\" data-settings=\"{&quot;background_background&quot;:&quot;classic&quot;}\">\n\t\t<div class=\"elementor-element elementor-element-4a17a47 e-con-full e-flex e-con e-child\" data-id=\"4a17a47\" data-element_type=\"container\">\n\t\t<div class=\"elementor-element elementor-element-de882cc e-con-full e-flex e-con e-child\" data-id=\"de882cc\" data-element_type=\"container\">\n\t\t\t\t<div class=\"elementor-element elementor-element-1bc6a0b elementor-widget elementor-widget-heading\" data-id=\"1bc6a0b\" data-element_type=\"widget\" data-widget_type=\"heading.default\">\n\t\t\t\t<div class=\"elementor-widget-container\">\n\t\t\t\t\t<h2 class=\"elementor-heading-title elementor-size-default\">\u00bfQu\u00e9 son los JDE?<\/h2>\t\t\t\t<\/div>\n\t\t\t\t<\/div>\n\t\t\t\t<div class=\"elementor-element elementor-element-6d1a854 elementor-widget elementor-widget-text-editor\" data-id=\"6d1a854\" data-element_type=\"widget\" data-widget_type=\"text-editor.default\">\n\t\t\t\t<div class=\"elementor-widget-container\">\n\t\t\t\t\t\t\t\t\t<p><span style=\"font-weight: 400;\"><strong>Son la competencia deportiva escolar m\u00e1s grande de Chile<\/strong> y es convocada por el Ministerio del Deporte y el Ministerio de Educaci\u00f3n. La organizaci\u00f3n, ejecuci\u00f3n y financiamiento es por parte del Instituto Nacional de Deportes (IND) y sus direcciones regionales<\/span>.<\/p>\t\t\t\t\t\t\t\t<\/div>\n\t\t\t\t<\/div>\n\t\t\t\t<\/div>\n\t\t<div class=\"elementor-element elementor-element-b672464 e-con-full e-flex e-con e-child\" data-id=\"b672464\" data-element_type=\"container\">\n\t\t\t\t<div class=\"elementor-element elementor-element-09e9865 elementor-widget elementor-widget-image\" data-id=\"09e9865\" data-element_type=\"widget\" data-widget_type=\"image.default\">\n\t\t\t\t<div class=\"elementor-widget-container\">\n\t\t\t\t\t\t\t\t\t\t\t\t\t\t\t<img fetchpriority=\"high\" decoding=\"async\" width=\"2560\" height=\"1907\" src=\"https:\/\/www.ind.cl\/jde_2025\/wp-content\/uploads\/2025\/10\/Fotos-WEB-JDE-v2-03-scaled.png\" class=\"attachment-full size-full wp-image-1340\" alt=\"\" srcset=\"https:\/\/www.ind.cl\/jde_2025\/wp-content\/uploads\/2025\/10\/Fotos-WEB-JDE-v2-03-scaled.png 2560w, https:\/\/www.ind.cl\/jde_2025\/wp-content\/uploads\/2025\/10\/Fotos-WEB-JDE-v2-03-300x223.png 300w, https:\/\/www.ind.cl\/jde_2025\/wp-content\/uploads\/2025\/10\/Fotos-WEB-JDE-v2-03-1024x763.png 1024w, https:\/\/www.ind.cl\/jde_2025\/wp-content\/uploads\/2025\/10\/Fotos-WEB-JDE-v2-03-768x572.png 768w, https:\/\/www.ind.cl\/jde_2025\/wp-content\/uploads\/2025\/10\/Fotos-WEB-JDE-v2-03-1536x1144.png 1536w, https:\/\/www.ind.cl\/jde_2025\/wp-content\/uploads\/2025\/10\/Fotos-WEB-JDE-v2-03-2048x1526.png 2048w\" sizes=\"(max-width: 2560px) 100vw, 2560px\" \/>\t\t\t\t\t\t\t\t\t\t\t\t\t\t\t<\/div>\n\t\t\t\t<\/div>\n\t\t\t\t<\/div>\n\t\t\t\t<\/div>\n\t\t<div class=\"elementor-element elementor-element-64f8cd2 e-con-full e-flex e-con e-child\" data-id=\"64f8cd2\" data-element_type=\"container\">\n\t\t<div class=\"elementor-element elementor-element-f52c31e e-con-full e-flex e-con e-child\" data-id=\"f52c31e\" data-element_type=\"container\">\n\t\t\t\t<div class=\"elementor-element elementor-element-492dde1 elementor-widget elementor-widget-image\" data-id=\"492dde1\" data-element_type=\"widget\" data-widget_type=\"image.default\">\n\t\t\t\t<div class=\"elementor-widget-container\">\n\t\t\t\t\t\t\t\t\t\t\t\t\t\t\t<img decoding=\"async\" width=\"1456\" height=\"1398\" src=\"https:\/\/www.ind.cl\/jde_2025\/wp-content\/uploads\/2025\/10\/Fotos-WEB-JDE-v2-02.png\" class=\"attachment-full size-full wp-image-1341\" alt=\"\" srcset=\"https:\/\/www.ind.cl\/jde_2025\/wp-content\/uploads\/2025\/10\/Fotos-WEB-JDE-v2-02.png 1456w, https:\/\/www.ind.cl\/jde_2025\/wp-content\/uploads\/2025\/10\/Fotos-WEB-JDE-v2-02-300x288.png 300w, https:\/\/www.ind.cl\/jde_2025\/wp-content\/uploads\/2025\/10\/Fotos-WEB-JDE-v2-02-1024x983.png 1024w, https:\/\/www.ind.cl\/jde_2025\/wp-content\/uploads\/2025\/10\/Fotos-WEB-JDE-v2-02-768x737.png 768w\" sizes=\"(max-width: 1456px) 100vw, 1456px\" \/>\t\t\t\t\t\t\t\t\t\t\t\t\t\t\t<\/div>\n\t\t\t\t<\/div>\n\t\t\t\t<\/div>\n\t\t<div class=\"elementor-element elementor-element-1ecb1f1 e-con-full e-flex e-con e-child\" data-id=\"1ecb1f1\" data-element_type=\"container\">\n\t\t\t\t<div class=\"elementor-element elementor-element-b415a56 elementor-widget elementor-widget-text-editor\" data-id=\"b415a56\" data-element_type=\"widget\" data-widget_type=\"text-editor.default\">\n\t\t\t\t<div class=\"elementor-widget-container\">\n\t\t\t\t\t\t\t\t\t<div class=\"circle\">\u00a0<\/div><p><span style=\"font-weight: 400;\">En \u00e9l participan alumnas y alumnos de escuelas y colegios de todo el pa\u00eds, tanto p\u00fablicos como privados, en las categor\u00edas Sub10, Sub12, Sub14 y Juvenil, llegando a 200.000 mil deportistas que compiten desde la fase comunal, y avanzan a las etapas provinciales y regionales.<\/span><\/p><p><span style=\"font-weight: 400;\">En el caso de los Sub 14, los campeones de cada regi\u00f3n llegar\u00e1n a las Finales Nacionales 2025, que se realizar\u00e1n en Santiago del 30 de agosto al 11 de septiembre y los mejores de este evento, ser\u00e1n los representantes de Chile en el pr\u00f3ximo Sudamericano Escolar que se realizar\u00e1 en diciembre pr\u00f3ximo en Asunci\u00f3n, Paraguay.<\/span><\/p>\t\t\t\t\t\t\t\t<\/div>\n\t\t\t\t<\/div>\n\t\t\t\t<\/div>\n\t\t\t\t<\/div>\n\t\t<div class=\"elementor-element elementor-element-c86ee5e e-con-full e-flex e-con e-child\" data-id=\"c86ee5e\" data-element_type=\"container\">\n\t\t<div class=\"elementor-element elementor-element-4d448a1 e-con-full e-flex e-con e-child\" data-id=\"4d448a1\" data-element_type=\"container\">\n\t\t\t\t<div class=\"elementor-element elementor-element-017dda5 elementor-widget elementor-widget-text-editor\" data-id=\"017dda5\" data-element_type=\"widget\" data-widget_type=\"text-editor.default\">\n\t\t\t\t<div class=\"elementor-widget-container\">\n\t\t\t\t\t\t\t\t\t<p>Este a\u00f1o adem\u00e1s, la categor\u00eda juvenil realizar\u00e1 la Final Nacional en las disciplinas de b\u00e1squetbol y v\u00f3leibol, la que se disputar\u00e1 en Coquimbo, del 23 al 29 de octubre.<\/p><p>El presupuesto total del IND para esta competencia 2025 es de 7.300 millones de pesos.<\/p>\t\t\t\t\t\t\t\t<\/div>\n\t\t\t\t<\/div>\n\t\t\t\t<\/div>\n\t\t<div class=\"elementor-element elementor-element-6c0f2c1 e-con-full e-flex e-con e-child\" data-id=\"6c0f2c1\" data-element_type=\"container\">\n\t\t\t\t<div class=\"elementor-element elementor-element-c2401d5 elementor-widget elementor-widget-image\" data-id=\"c2401d5\" data-element_type=\"widget\" data-widget_type=\"image.default\">\n\t\t\t\t<div class=\"elementor-widget-container\">\n\t\t\t\t\t\t\t\t\t\t\t\t\t\t\t<img decoding=\"async\" width=\"1312\" height=\"1867\" src=\"https:\/\/www.ind.cl\/jde_2025\/wp-content\/uploads\/2025\/10\/Fotos-WEB-JDE-v2-01.png\" class=\"attachment-full size-full wp-image-1342\" alt=\"\" srcset=\"https:\/\/www.ind.cl\/jde_2025\/wp-content\/uploads\/2025\/10\/Fotos-WEB-JDE-v2-01.png 1312w, https:\/\/www.ind.cl\/jde_2025\/wp-content\/uploads\/2025\/10\/Fotos-WEB-JDE-v2-01-211x300.png 211w, https:\/\/www.ind.cl\/jde_2025\/wp-content\/uploads\/2025\/10\/Fotos-WEB-JDE-v2-01-720x1024.png 720w, https:\/\/www.ind.cl\/jde_2025\/wp-content\/uploads\/2025\/10\/Fotos-WEB-JDE-v2-01-768x1093.png 768w, https:\/\/www.ind.cl\/jde_2025\/wp-content\/uploads\/2025\/10\/Fotos-WEB-JDE-v2-01-1079x1536.png 1079w\" sizes=\"(max-width: 1312px) 100vw, 1312px\" \/>\t\t\t\t\t\t\t\t\t\t\t\t\t\t\t<\/div>\n\t\t\t\t<\/div>\n\t\t\t\t<\/div>\n\t\t\t\t<\/div>\n\t\t\t\t<\/div>\n\t\t\t\t<\/div>\n\t\t","protected":false},"excerpt":{"rendered":"<p>\u00bfQu\u00e9 son los JDE? Son la competencia deportiva escolar m\u00e1s grande de Chile y es convocada por el Ministerio del Deporte y el Ministerio de Educaci\u00f3n. La organizaci\u00f3n, ejecuci\u00f3n y financiamiento es por parte del Instituto Nacional de Deportes (IND) y sus direcciones regionales. \u00a0 En \u00e9l participan alumnas y alumnos de escuelas y colegios [&hellip;]<\/p>\n","protected":false},"author":2,"featured_media":0,"parent":0,"menu_order":0,"comment_status":"closed","ping_status":"closed","template":"","meta":{"_acf_changed":false,"inline_featured_image":false,"footnotes":""},"class_list":["post-1338","page","type-page","status-publish","hentry"],"acf":[],"_links":{"self":[{"href":"https:\/\/www.ind.cl\/jde_2025\/wp-json\/wp\/v2\/pages\/1338","targetHints":{"allow":["GET"]}}],"collection":[{"href":"https:\/\/www.ind.cl\/jde_2025\/wp-json\/wp\/v2\/pages"}],"about":[{"href":"https:\/\/www.ind.cl\/jde_2025\/wp-json\/wp\/v2\/types\/page"}],"author":[{"embeddable":true,"href":"https:\/\/www.ind.cl\/jde_2025\/wp-json\/wp\/v2\/users\/2"}],"replies":[{"embeddable":true,"href":"https:\/\/www.ind.cl\/jde_2025\/wp-json\/wp\/v2\/comments?post=1338"}],"version-history":[{"count":7,"href":"https:\/\/www.ind.cl\/jde_2025\/wp-json\/wp\/v2\/pages\/1338\/revisions"}],"predecessor-version":[{"id":1348,"href":"https:\/\/www.ind.cl\/jde_2025\/wp-json\/wp\/v2\/pages\/1338\/revisions\/1348"}],"wp:attachment":[{"href":"https:\/\/www.ind.cl\/jde_2025\/wp-json\/wp\/v2\/media?parent=1338"}],"curies":[{"name":"wp","href":"https:\/\/api.w.org\/{rel}","templated":true}]}}

¿Qué son los JDE?

<div data-elementor-type="wp-page" data-elementor-id="1338" class="elementor elementor-1338" data-elementor-post-type="page">
				<div class="elementor-element elementor-element-bcacc40 e-con-full e-flex e-con e-parent" data-id="bcacc40" data-element_type="container" data-settings="{&quot;background_background&quot;:&quot;classic&quot;}">
		<div class="elementor-element elementor-element-4a17a47 e-con-full e-flex e-con e-child" data-id="4a17a47" data-element_type="container">
		<div class="elementor-element elementor-element-de882cc e-con-full e-flex e-con e-child" data-id="de882cc" data-element_type="container">
				<div class="elementor-element elementor-element-1bc6a0b elementor-widget elementor-widget-heading" data-id="1bc6a0b" data-element_type="widget" data-widget_type="heading.default">
				<div class="elementor-widget-container">
					<h2 class="elementor-heading-title elementor-size-default">¿Qué son los JDE?</h2>				</div>
				</div>
				<div class="elementor-element elementor-element-6d1a854 elementor-widget elementor-widget-text-editor" data-id="6d1a854" data-element_type="widget" data-widget_type="text-editor.default">
				<div class="elementor-widget-container">
									<p><span style="font-weight: 400;"><strong>Son la competencia deportiva escolar más grande de Chile</strong> y es convocada por el Ministerio del Deporte y el Ministerio de Educación. La organización, ejecución y financiamiento es por parte del Instituto Nacional de Deportes (IND) y sus direcciones regionales</span>.</p>								</div>
				</div>
				</div>
		<div class="elementor-element elementor-element-b672464 e-con-full e-flex e-con e-child" data-id="b672464" data-element_type="container">
				<div class="elementor-element elementor-element-09e9865 elementor-widget elementor-widget-image" data-id="09e9865" data-element_type="widget" data-widget_type="image.default">
				<div class="elementor-widget-container">
															<img fetchpriority="high" decoding="async" width="2560" height="1907" src="https://www.ind.cl/jde_2025/wp-content/uploads/2025/10/Fotos-WEB-JDE-v2-03-scaled.png" class="attachment-full size-full wp-image-1340" alt="" srcset="https://www.ind.cl/jde_2025/wp-content/uploads/2025/10/Fotos-WEB-JDE-v2-03-scaled.png 2560w, https://www.ind.cl/jde_2025/wp-content/uploads/2025/10/Fotos-WEB-JDE-v2-03-300x223.png 300w, https://www.ind.cl/jde_2025/wp-content/uploads/2025/10/Fotos-WEB-JDE-v2-03-1024x763.png 1024w, https://www.ind.cl/jde_2025/wp-content/uploads/2025/10/Fotos-WEB-JDE-v2-03-768x572.png 768w, https://www.ind.cl/jde_2025/wp-content/uploads/2025/10/Fotos-WEB-JDE-v2-03-1536x1144.png 1536w, https://www.ind.cl/jde_2025/wp-content/uploads/2025/10/Fotos-WEB-JDE-v2-03-2048x1526.png 2048w" sizes="(max-width: 2560px) 100vw, 2560px" />															</div>
				</div>
				</div>
				</div>
		<div class="elementor-element elementor-element-64f8cd2 e-con-full e-flex e-con e-child" data-id="64f8cd2" data-element_type="container">
		<div class="elementor-element elementor-element-f52c31e e-con-full e-flex e-con e-child" data-id="f52c31e" data-element_type="container">
				<div class="elementor-element elementor-element-492dde1 elementor-widget elementor-widget-image" data-id="492dde1" data-element_type="widget" data-widget_type="image.default">
				<div class="elementor-widget-container">
															<img decoding="async" width="1456" height="1398" src="https://www.ind.cl/jde_2025/wp-content/uploads/2025/10/Fotos-WEB-JDE-v2-02.png" class="attachment-full size-full wp-image-1341" alt="" srcset="https://www.ind.cl/jde_2025/wp-content/uploads/2025/10/Fotos-WEB-JDE-v2-02.png 1456w, https://www.ind.cl/jde_2025/wp-content/uploads/2025/10/Fotos-WEB-JDE-v2-02-300x288.png 300w, https://www.ind.cl/jde_2025/wp-content/uploads/2025/10/Fotos-WEB-JDE-v2-02-1024x983.png 1024w, https://www.ind.cl/jde_2025/wp-content/uploads/2025/10/Fotos-WEB-JDE-v2-02-768x737.png 768w" sizes="(max-width: 1456px) 100vw, 1456px" />															</div>
				</div>
				</div>
		<div class="elementor-element elementor-element-1ecb1f1 e-con-full e-flex e-con e-child" data-id="1ecb1f1" data-element_type="container">
				<div class="elementor-element elementor-element-b415a56 elementor-widget elementor-widget-text-editor" data-id="b415a56" data-element_type="widget" data-widget_type="text-editor.default">
				<div class="elementor-widget-container">
									<div class="circle"> </div><p><span style="font-weight: 400;">En él participan alumnas y alumnos de escuelas y colegios de todo el país, tanto públicos como privados, en las categorías Sub10, Sub12, Sub14 y Juvenil, llegando a 200.000 mil deportistas que compiten desde la fase comunal, y avanzan a las etapas provinciales y regionales.</span></p><p><span style="font-weight: 400;">En el caso de los Sub 14, los campeones de cada región llegarán a las Finales Nacionales 2025, que se realizarán en Santiago del 30 de agosto al 11 de septiembre y los mejores de este evento, serán los representantes de Chile en el próximo Sudamericano Escolar que se realizará en diciembre próximo en Asunción, Paraguay.</span></p>								</div>
				</div>
				</div>
				</div>
		<div class="elementor-element elementor-element-c86ee5e e-con-full e-flex e-con e-child" data-id="c86ee5e" data-element_type="container">
		<div class="elementor-element elementor-element-4d448a1 e-con-full e-flex e-con e-child" data-id="4d448a1" data-element_type="container">
				<div class="elementor-element elementor-element-017dda5 elementor-widget elementor-widget-text-editor" data-id="017dda5" data-element_type="widget" data-widget_type="text-editor.default">
				<div class="elementor-widget-container">
									<p>Este año además, la categoría juvenil realizará la Final Nacional en las disciplinas de básquetbol y vóleibol, la que se disputará en Coquimbo, del 23 al 29 de octubre.</p><p>El presupuesto total del IND para esta competencia 2025 es de 7.300 millones de pesos.</p>								</div>
				</div>
				</div>
		<div class="elementor-element elementor-element-6c0f2c1 e-con-full e-flex e-con e-child" data-id="6c0f2c1" data-element_type="container">
				<div class="elementor-element elementor-element-c2401d5 elementor-widget elementor-widget-image" data-id="c2401d5" data-element_type="widget" data-widget_type="image.default">
				<div class="elementor-widget-container">
															<img decoding="async" width="1312" height="1867" src="https://www.ind.cl/jde_2025/wp-content/uploads/2025/10/Fotos-WEB-JDE-v2-01.png" class="attachment-full size-full wp-image-1342" alt="" srcset="https://www.ind.cl/jde_2025/wp-content/uploads/2025/10/Fotos-WEB-JDE-v2-01.png 1312w, https://www.ind.cl/jde_2025/wp-content/uploads/2025/10/Fotos-WEB-JDE-v2-01-211x300.png 211w, https://www.ind.cl/jde_2025/wp-content/uploads/2025/10/Fotos-WEB-JDE-v2-01-720x1024.png 720w, https://www.ind.cl/jde_2025/wp-content/uploads/2025/10/Fotos-WEB-JDE-v2-01-768x1093.png 768w, https://www.ind.cl/jde_2025/wp-content/uploads/2025/10/Fotos-WEB-JDE-v2-01-1079x1536.png 1079w" sizes="(max-width: 1312px) 100vw, 1312px" />															</div>
				</div>
				</div>
				</div>
				</div>
				</div>

<p>¿Qué son los JDE? Son la competencia deportiva escolar más grande de Chile y es convocada por el Ministerio del Deporte y el Ministerio de Educación. La organización, ejecución y financiamiento es por parte del Instituto Nacional de Deportes (IND) y sus direcciones regionales.   En él participan alumnas y alumnos de escuelas y colegios [&hellip;]</p>
