{"id":869,"date":"2025-06-09T16:00:28","date_gmt":"2025-06-09T20:00:28","guid":{"rendered":"https:\/\/www.ind.cl\/jde_2025\/?page_id=869"},"modified":"2025-09-03T13:28:42","modified_gmt":"2025-09-03T17:28:42","slug":"embajadora","status":"publish","type":"page","link":"https:\/\/www.ind.cl\/jde_2025\/embajadora\/","title":{"rendered":"Embajadora"},"content":{"rendered":"\t\t<div data-elementor-type=\"wp-page\" data-elementor-id=\"869\" class=\"elementor elementor-869\" data-elementor-post-type=\"page\">\n\t\t\t\t<div class=\"elementor-element elementor-element-8181e7f e-con-full e-flex e-con e-parent\" data-id=\"8181e7f\" data-element_type=\"container\" data-settings=\"{&quot;background_background&quot;:&quot;classic&quot;}\">\n\t\t<div class=\"elementor-element elementor-element-cdc0872 e-flex e-con-boxed e-con e-child\" data-id=\"cdc0872\" data-element_type=\"container\">\n\t\t\t\t\t<div class=\"e-con-inner\">\n\t\t\t\t<div class=\"elementor-element elementor-element-8556310 elementor-widget elementor-widget-heading\" data-id=\"8556310\" data-element_type=\"widget\" data-widget_type=\"heading.default\">\n\t\t\t\t<div class=\"elementor-widget-container\">\n\t\t\t\t\t<h1 class=\"elementor-heading-title elementor-size-default\">Tenemos Embajadora<\/h1>\t\t\t\t<\/div>\n\t\t\t\t<\/div>\n\t\t\t\t\t<\/div>\n\t\t\t\t<\/div>\n\t\t<div class=\"elementor-element elementor-element-6df87ac e-flex e-con-boxed e-con e-child\" data-id=\"6df87ac\" data-element_type=\"container\">\n\t\t\t\t\t<div class=\"e-con-inner\">\n\t\t<div class=\"elementor-element elementor-element-6b6dcab e-con-full e-flex e-con e-child\" data-id=\"6b6dcab\" data-element_type=\"container\">\n\t\t\t\t<div class=\"elementor-element elementor-element-ab312c2 elementor-widget elementor-widget-text-editor\" data-id=\"ab312c2\" data-element_type=\"widget\" data-widget_type=\"text-editor.default\">\n\t\t\t\t<div class=\"elementor-widget-container\">\n\t\t\t\t\t\t\t\t\t<p>La atleta ol\u00edmpica, <strong>Natalia Duco<\/strong>, es la embajadora de los <strong>Juegos Deportivos Escolares 2025<\/strong>, funci\u00f3n que viene ejerciendo desde el a\u00f1o pasado.\u00a0<\/p><p>La deportista estar\u00e1 junto a nuestros ni\u00f1os, ni\u00f1as y j\u00f3venes acompa\u00f1ando, alentando, y entregando toda su experiencia en esta Final Nacional, tal como lo ha hecho en los \u00faltimos meses, visitando algunas regiones, como Antofagasta, Biob\u00edo y Los R\u00edos, donde realiz\u00f3 visitas a diversos establecimientos educacionales.<\/p>\t\t\t\t\t\t\t\t<\/div>\n\t\t\t\t<\/div>\n\t\t\t\t<\/div>\n\t\t<div class=\"elementor-element elementor-element-b907818 e-con-full e-flex e-con e-child\" data-id=\"b907818\" data-element_type=\"container\">\n\t\t<div class=\"elementor-element elementor-element-f8305bd e-con-full e-flex e-con e-child\" data-id=\"f8305bd\" data-element_type=\"container\" data-settings=\"{&quot;background_background&quot;:&quot;classic&quot;}\">\n\t\t\t\t<div class=\"elementor-element elementor-element-4bb1981 elementor-widget elementor-widget-image\" data-id=\"4bb1981\" data-element_type=\"widget\" data-widget_type=\"image.default\">\n\t\t\t\t<div class=\"elementor-widget-container\">\n\t\t\t\t\t\t\t\t\t\t\t\t\t\t\t\t<a href=\"#elementor-action%3Aaction%3Dlightbox%26settings%3DeyJ1cmwiOiJodHRwczpcL1wvdGplc2NvbGFyZXMudGFudS5jbFwvd3AtY29udGVudFwvdXBsb2Fkc1wvMjAyNFwvMDlcL1Bhbm9yYW1pY2EtUGFycXVlLUVzdGFkaW8tTmFjaW9uYWwuanBnIiwidHlwZSI6ImltYWdlIiwidGl0bGUiOiJQYW5vcmFtaWNhLVBhcnF1ZS1Fc3RhZGlvLU5hY2lvbmFsIn0%3D\">\n\t\t\t\t\t\t\t<img fetchpriority=\"high\" decoding=\"async\" width=\"2560\" height=\"1707\" src=\"https:\/\/www.ind.cl\/jde_2025\/wp-content\/uploads\/2025\/06\/EMBAJADORA-1-scaled.jpg\" class=\"attachment-full size-full wp-image-848\" alt=\"\" srcset=\"https:\/\/www.ind.cl\/jde_2025\/wp-content\/uploads\/2025\/06\/EMBAJADORA-1-scaled.jpg 2560w, https:\/\/www.ind.cl\/jde_2025\/wp-content\/uploads\/2025\/06\/EMBAJADORA-1-300x200.jpg 300w, https:\/\/www.ind.cl\/jde_2025\/wp-content\/uploads\/2025\/06\/EMBAJADORA-1-1024x683.jpg 1024w, https:\/\/www.ind.cl\/jde_2025\/wp-content\/uploads\/2025\/06\/EMBAJADORA-1-768x512.jpg 768w, https:\/\/www.ind.cl\/jde_2025\/wp-content\/uploads\/2025\/06\/EMBAJADORA-1-1536x1024.jpg 1536w, https:\/\/www.ind.cl\/jde_2025\/wp-content\/uploads\/2025\/06\/EMBAJADORA-1-2048x1365.jpg 2048w\" sizes=\"(max-width: 2560px) 100vw, 2560px\" \/>\t\t\t\t\t\t\t\t<\/a>\n\t\t\t\t\t\t\t\t\t\t\t\t\t\t\t<\/div>\n\t\t\t\t<\/div>\n\t\t\t\t<\/div>\n\t\t\t\t<\/div>\n\t\t\t\t\t<\/div>\n\t\t\t\t<\/div>\n\t\t\t\t<\/div>\n\t\t\t\t<\/div>\n\t\t","protected":false},"excerpt":{"rendered":"<p>Tenemos Embajadora La atleta ol\u00edmpica, Natalia Duco, es la embajadora de los Juegos Deportivos Escolares 2025, funci\u00f3n que viene ejerciendo desde el a\u00f1o pasado.\u00a0 La deportista estar\u00e1 junto a nuestros ni\u00f1os, ni\u00f1as y j\u00f3venes acompa\u00f1ando, alentando, y entregando toda su experiencia en esta Final Nacional, tal como lo ha hecho en los \u00faltimos meses, visitando [&hellip;]<\/p>\n","protected":false},"author":2,"featured_media":0,"parent":0,"menu_order":0,"comment_status":"closed","ping_status":"closed","template":"","meta":{"_acf_changed":false,"inline_featured_image":false,"footnotes":""},"class_list":["post-869","page","type-page","status-publish","hentry"],"acf":[],"_links":{"self":[{"href":"https:\/\/www.ind.cl\/jde_2025\/wp-json\/wp\/v2\/pages\/869","targetHints":{"allow":["GET"]}}],"collection":[{"href":"https:\/\/www.ind.cl\/jde_2025\/wp-json\/wp\/v2\/pages"}],"about":[{"href":"https:\/\/www.ind.cl\/jde_2025\/wp-json\/wp\/v2\/types\/page"}],"author":[{"embeddable":true,"href":"https:\/\/www.ind.cl\/jde_2025\/wp-json\/wp\/v2\/users\/2"}],"replies":[{"embeddable":true,"href":"https:\/\/www.ind.cl\/jde_2025\/wp-json\/wp\/v2\/comments?post=869"}],"version-history":[{"count":11,"href":"https:\/\/www.ind.cl\/jde_2025\/wp-json\/wp\/v2\/pages\/869\/revisions"}],"predecessor-version":[{"id":1222,"href":"https:\/\/www.ind.cl\/jde_2025\/wp-json\/wp\/v2\/pages\/869\/revisions\/1222"}],"wp:attachment":[{"href":"https:\/\/www.ind.cl\/jde_2025\/wp-json\/wp\/v2\/media?parent=869"}],"curies":[{"name":"wp","href":"https:\/\/api.w.org\/{rel}","templated":true}]}}

<div data-elementor-type="wp-page" data-elementor-id="869" class="elementor elementor-869" data-elementor-post-type="page">
				<div class="elementor-element elementor-element-8181e7f e-con-full e-flex e-con e-parent" data-id="8181e7f" data-element_type="container" data-settings="{&quot;background_background&quot;:&quot;classic&quot;}">
		<div class="elementor-element elementor-element-cdc0872 e-flex e-con-boxed e-con e-child" data-id="cdc0872" data-element_type="container">
					<div class="e-con-inner">
				<div class="elementor-element elementor-element-8556310 elementor-widget elementor-widget-heading" data-id="8556310" data-element_type="widget" data-widget_type="heading.default">
				<div class="elementor-widget-container">
					<h1 class="elementor-heading-title elementor-size-default">Tenemos Embajadora</h1>				</div>
				</div>
					</div>
				</div>
		<div class="elementor-element elementor-element-6df87ac e-flex e-con-boxed e-con e-child" data-id="6df87ac" data-element_type="container">
					<div class="e-con-inner">
		<div class="elementor-element elementor-element-6b6dcab e-con-full e-flex e-con e-child" data-id="6b6dcab" data-element_type="container">
				<div class="elementor-element elementor-element-ab312c2 elementor-widget elementor-widget-text-editor" data-id="ab312c2" data-element_type="widget" data-widget_type="text-editor.default">
				<div class="elementor-widget-container">
									<p>La atleta olímpica, <strong>Natalia Duco</strong>, es la embajadora de los <strong>Juegos Deportivos Escolares 2025</strong>, función que viene ejerciendo desde el año pasado. </p><p>La deportista estará junto a nuestros niños, niñas y jóvenes acompañando, alentando, y entregando toda su experiencia en esta Final Nacional, tal como lo ha hecho en los últimos meses, visitando algunas regiones, como Antofagasta, Biobío y Los Ríos, donde realizó visitas a diversos establecimientos educacionales.</p>								</div>
				</div>
				</div>
		<div class="elementor-element elementor-element-b907818 e-con-full e-flex e-con e-child" data-id="b907818" data-element_type="container">
		<div class="elementor-element elementor-element-f8305bd e-con-full e-flex e-con e-child" data-id="f8305bd" data-element_type="container" data-settings="{&quot;background_background&quot;:&quot;classic&quot;}">
				<div class="elementor-element elementor-element-4bb1981 elementor-widget elementor-widget-image" data-id="4bb1981" data-element_type="widget" data-widget_type="image.default">
				<div class="elementor-widget-container">
																<a href="#elementor-action%3Aaction%3Dlightbox%26settings%3DeyJ1cmwiOiJodHRwczpcL1wvdGplc2NvbGFyZXMudGFudS5jbFwvd3AtY29udGVudFwvdXBsb2Fkc1wvMjAyNFwvMDlcL1Bhbm9yYW1pY2EtUGFycXVlLUVzdGFkaW8tTmFjaW9uYWwuanBnIiwidHlwZSI6ImltYWdlIiwidGl0bGUiOiJQYW5vcmFtaWNhLVBhcnF1ZS1Fc3RhZGlvLU5hY2lvbmFsIn0%3D">
							<img fetchpriority="high" decoding="async" width="2560" height="1707" src="https://www.ind.cl/jde_2025/wp-content/uploads/2025/06/EMBAJADORA-1-scaled.jpg" class="attachment-full size-full wp-image-848" alt="" srcset="https://www.ind.cl/jde_2025/wp-content/uploads/2025/06/EMBAJADORA-1-scaled.jpg 2560w, https://www.ind.cl/jde_2025/wp-content/uploads/2025/06/EMBAJADORA-1-300x200.jpg 300w, https://www.ind.cl/jde_2025/wp-content/uploads/2025/06/EMBAJADORA-1-1024x683.jpg 1024w, https://www.ind.cl/jde_2025/wp-content/uploads/2025/06/EMBAJADORA-1-768x512.jpg 768w, https://www.ind.cl/jde_2025/wp-content/uploads/2025/06/EMBAJADORA-1-1536x1024.jpg 1536w, https://www.ind.cl/jde_2025/wp-content/uploads/2025/06/EMBAJADORA-1-2048x1365.jpg 2048w" sizes="(max-width: 2560px) 100vw, 2560px" />								</a>
															</div>
				</div>
				</div>
				</div>
					</div>
				</div>
				</div>
				</div>

<p>Tenemos Embajadora La atleta olímpica, Natalia Duco, es la embajadora de los Juegos Deportivos Escolares 2025, función que viene ejerciendo desde el año pasado.  La deportista estará junto a nuestros niños, niñas y jóvenes acompañando, alentando, y entregando toda su experiencia en esta Final Nacional, tal como lo ha hecho en los últimos meses, visitando [&hellip;]</p>
